+ 3. Let s be r(y). Suppose f + 4*f - s = 0. What is the highest common factor of f and 14?
7
Let w = -153 - -173. Calculate the highest common divisor of w and 24.
4
Let h(k) = -4*k**2 - 32*k + 27. Let y be h(-8). Calculate the highest common divisor of y and 261.
9
Let y be (-1 - 3/3)*-11. Suppose 14*b - 55 = 9*b. What is the greatest common factor of b and y?
11
Let r(d) = -2*d**2 - 2*d - 46. Let i be r(0). Let h = 62 + i. What is the greatest common factor of 128 and h?
16
Let q = 33 + -39. Let y be q*124/(-18) + 4/6. What is the greatest common divisor of y and 6?
6
Let d(z) = z**3 + 9*z**2 + 7*z - 2. Let f be d(-8). Suppose 487 = f*b - 329. Calculate the highest common factor of 17 and b.
17
Suppose -2*x - 21 = 5*x. Let k be ((-120)/25)/(((-6)/(-10))/x). What is the greatest common factor of k and 12?
12
Suppose 20 = -9*n + 13*n. Suppose 3*c + n*u = 3*u + 184, -3*c + 5*u + 170 = 0. Calculate the greatest common factor of c and 40.
20
Let a = 236 + -95. Let d = a + -45. Suppose -4*t - u = -5*u - 100, u = -2*t + 47. Calculate the greatest common divisor of d and t.
24
Let h(w) = -w**3 - 24*w**2 + 13*w - 63. Let m be h(-25). What is the greatest common factor of m and 316?
79
Suppose -4*k - 70 = -10. Let i(p) = p + 19. Let x be i(k). Calculate the highest common factor of x and 3.
1
Suppose -5*u - 3*t + 345 = 0, -2*t = 5*u - 3*t - 325. Calculate the greatest common divisor of 30 and u.
6
Suppose -22 = -v - b, 4 = 31*b - 27*b. Calculate the greatest common divisor of 6 and v.
3
Suppose -5*c - 18*v + 138 = -22*v, -v - 87 = -3*c. What is the greatest common factor of c and 65?
5
Suppose 0 = 104*b - 97*b - 21. Calculate the greatest common divisor of b and 15.
3
Let m = -940 - -971. Suppose g = -5*i + 928, 5*i + 5*g - g = 922. Calculate the highest common divisor of i and m.
31
Let t(i) = -5*i. Let j be t(-1). Let m be (5 - 4)/(8/136). Let s = m - j. Calculate the greatest common divisor of 84 and s.
12
Let p = 913 - 867. Calculate the greatest common divisor of p and 874.
46
Let s be ((-4)/(-2))/(13*10/2210). Let l = 73 - -29. Calculate the highest common divisor of s and l.
34
Let c(t) = t + 86. Let g be c(-11). Calculate the greatest common factor of g and 25.
25
Let n = 2 + 7. Suppose -3*a = 2*w - 5 - 1, -5*a = -5*w - 10. Suppose -x - 3*d - 3 = w, -2*x + 11 = -x - 4*d. Calculate the greatest common divisor of x and n.
3
Suppose -440 = 47*b - 55*b. Suppose -5 = -z - 0*z. Calculate the greatest common divisor of b and z.
5
Suppose -47 = -s + 64. Suppose s + 17 = 8*l. What is the greatest common divisor of l and 8?
8
Let y = -353 - -372. Calculate the greatest common divisor of 1026 and y.
19
Suppose 3*d = 130 + 29. Suppose -3 = t, 4*n - t - d = -n. Let l be -40*(-4 + 36/n). Calculate the greatest common divisor of l and 4.
4
Let q = -49 + 54. Suppose -q*i + 3*v + 103 = 6*v, 0 = 5*i + 4*v - 104. What is the highest common divisor of 10 and i?
10
Let v be 0 - ((-1000)/4)/((-2)/(-4)). Let x = -330 + v. What is the highest common factor of x and 34?
34
Let t be -128 + (-3)/((-9)/(-12)). Let u = -83 - t. Let m be (7/5)/(4/20). Calculate the highest common factor of u and m.
7
Suppose 0 = 5*c - c - 924. Let z(h) = -32*h + 1077. Let l be z(33). Calculate the greatest common factor of l and c.
21
Let c(b) = -49*b**2 + 3*b - 2. Let z be c(2). Let i be z/(-33) + (-4)/(-22). Let g(u) = 2*u + 9. Let v be g(i). What is the highest common divisor of v and 168?
21
Suppose 3*q + n = 1596 - 608, -1312 = -4*q + 4*n. Calculate the greatest common factor of q and 21.
7
Let w be (45/10)/(-3)*(-140)/6. Let l = w - 25. What is the greatest common divisor of 45 and l?
5
Suppose 0 = -3*b + 452 - 119. Suppose b*j = 115*j - 156. What is the greatest common factor of 13 and j?
13
Suppose 5*i + 12*i = 17. Let u be 1/(-1 + (-2)/(-4)). Let k be (128 + u)/(1 + i). Calculate the highest common divisor of k and 7.
7
Let b = 128 - 112. Let y = b - 4. Calculate the highest common divisor of y and 20.
4
Let z(l) = 258*l - 789. Let f be z(6). Calculate the greatest common factor of f and 66.
33
Suppose -32 = -3*q - q - 2*a, -5 = -q + a. Calculate the highest common divisor of 7 and q.
7
Suppose 29 = 3*x + 2*m - 32, -4*m + 7 = x. Let o be 26*-2*(10/4 - 3). Suppose 2*i - 15 = -5*a + o, 0 = -4*a - 4. What is the highest common factor of i and x?
23
Let m be 12/12*-1*19. Let c = -16 - m. Suppose 325 = 5*y + 4*a, -c*a - 154 - 171 = -5*y. Calculate the highest common divisor of 26 and y.
13
Let t(h) = h**2 - 16*h - 8. Let l be t(18). Calculate the highest common factor of 12 and l.
4
Let i(k) = -8*k. Let v be i(7). Suppose -168 = -5*l + 13*l. Let u = l - v. Calculate the highest common factor of 14 and u.
7
Suppose 30 + 60 = 6*o. Suppose -5*n + o*n - 990 = 0. Calculate the highest common divisor of n and 11.
11
Suppose -d + 5*d - f - 2881 = 0, 3*f - 2877 = -4*d. What is the highest common divisor of d and 40?
40
Let z(j) = j**2 - j**3 + 7*j**2 - 24*j + 21*j - 8. Let w be z(7). Let u = w - 14. Calculate the highest common factor of u and 54.
6
Let a = -4 - -23. Let n be (-2922)/(-14) + (4 - (-130)/(-35)). What is the greatest common divisor of n and a?
19
Let d = 253 + -153. Calculate the greatest common divisor of d and 30.
10
Let i(o) = o**3 - 20*o**2 + 18*o + 20. Let k be i(19). Suppose -22*v = -25*v + 6. Suppose v*b - 8*b + 18 = 0. Calculate the highest common factor of b and k.
1
Let m(f) = -2*f - 14. Let u be m(15). Let q be u*-2*(-4)/(-8). Suppose 12 + q = l. Calculate the greatest common divisor of 7 and l.
7
Let p = 503 + -410. What is the greatest common divisor of 6 and p?
3
Let b be (-21)/(-49) - 5874/(-14). Calculate the highest common divisor of 240 and b.
60
Suppose 83 = -8*v - 45. Let t = 11 - v. Calculate the greatest common divisor of 3 and t.
3
Let w = -453 - -680. Let f = -137 + w. Calculate the highest common divisor of 18 and f.
18
Suppose 0 = -8*x - 24 + 64. Suppose 21 = 4*f - 2*b - 71, -2*f + x*b = -38. Calculate the greatest common factor of 36 and f.
12
Let b be 16/(-40)*(0 + -15). Let j = b + -9. Let u be j + (-9)/(3 - 4). Calculate the highest common divisor of u and 12.
6
Suppose 0 = 4*w - 5*w - 20. Let l = w - -74. Suppose -5*p = -3*y - 146, 2*y = -2*p + y + l. What is the greatest common divisor of 56 and p?
28
Suppose i = -i - l + 150, 146 = 2*i + 3*l. Suppose 0 = 10*w - 4*w - 48. Suppose 6*h - w - 106 = 0. Calculate the greatest common factor of h and i.
19
Let y = 1046 + -1042. Suppose k = 5*i - 8, -40 = -0*k - 5*k + 5*i. Calculate the highest common divisor of y and k.
4
Suppose -b - 5*u = -1835, 6*u - u + 1795 = b. Suppose 4*g - b = -g. What is the greatest common factor of 33 and g?
33
Suppose 2*v + 2*q - 22 = 0, -5*v + q = -2*q - 15. Let p(r) = r**2 - 3*r - 8. Let k be p(v). Calculate the greatest common divisor of 90 and k.
10
Let q be 80/(-6)*(-9)/12*-2. Let u = q + 29. Calculate the highest common factor of 9 and u.
9
Let t = -219 + 222. What is the highest common factor of 33 and t?
3
Let h = -723 - -2901. What is the highest common divisor of h and 18?
18
Let m(z) be the second derivative of -z**3 + 2*z. Let b be m(-2). Suppose 7*q - 4*q - r = 18, 6 = q + 2*r. What is the greatest common factor of b and q?
6
Suppose -5467 = -10*p + 10923. Calculate the highest common factor of p and 11.
11
Let h(l) = 3*l**2 + 6*l + 3. Let z = 13 + -9. Let d be (-4)/(-6)*(-30)/z. Let p be h(d). Calculate the highest common divisor of 12 and p.
12
Suppose 3 - 45 = -6*y. Let j = 9 - y. Suppose j*p = -4*x + 11 - 3, 3*p - 5*x = 56. Calculate the greatest common divisor of 60 and p.
12
Let w be (-14)/35 - (-8016)/40. What is the greatest common factor of w and 25?
25
Let r = 20 - 11. What is the highest common divisor of 180 and r?
9
Suppose 186 = 2*k - 146. Let n = -32 + 58. Suppose -v + n = -k. What is the highest common divisor of v and 24?
24
Let d = -58 - -85. Let x = d + -23. Suppose -4*s - 4*z = -22 - 58, -2*s = -x*z - 52. What is the greatest common factor of 2 and s?
2
Suppose -16*j - v - 53 = -17*j, -j - v + 61 = 0. Calculate the greatest common divisor of 2337 and j.
57
Let u = -7101 + 7191. Suppose d = 3*d - 108. What is the greatest common factor of u and d?
18
Let v = 143 + -59. Suppose -8*f = -13*f + 70. Let q = 26 - f. Calculate the highest commo